[INFO] cloning repository https://github.com/tayspen72/rust_pinetime
[INFO] running `Command { std: "git" "-c" "credential.helper=" "-c" "credential.helper=/workspace/cargo-home/bin/git-credential-null" "clone" "--bare" "https://github.com/tayspen72/rust_pinetime" "/workspace/cache/git-repos/https%3A%2F%2Fgithub.com%2Ftayspen72%2Frust_pinetime", kill_on_drop: false }`
[INFO] [stderr] Cloning into bare repository '/workspace/cache/git-repos/https%3A%2F%2Fgithub.com%2Ftayspen72%2Frust_pinetime'...
[INFO] running `Command { std: "git" "rev-parse" "HEAD", kill_on_drop: false }`
[INFO] [stdout] ae287a10b93f510b51e40fa5b026bb46006855cf
[INFO] checking tayspen72/rust_pinetime against master#cfbc6d4cf1acbac5c025acf8ed68929caa551df3 for pr-75494-beta
[INFO] running `Command { std: "git" "clone" "/workspace/cache/git-repos/https%3A%2F%2Fgithub.com%2Ftayspen72%2Frust_pinetime" "/workspace/builds/worker-0/source", kill_on_drop: false }`
[INFO] [stderr] Cloning into '/workspace/builds/worker-0/source'...
[INFO] [stderr] done.
[INFO] validating manifest of git repo https://github.com/tayspen72/rust_pinetime on toolchain cfbc6d4cf1acbac5c025acf8ed68929caa551df3
[INFO] running `Command { std: "/workspace/cargo-home/bin/cargo" "+cfbc6d4cf1acbac5c025acf8ed68929caa551df3" "read-manifest" "--manifest-path" "Cargo.toml", kill_on_drop: false }`
[INFO] removed /workspace/builds/worker-0/source/.cargo/config
[INFO] started tweaking git repo https://github.com/tayspen72/rust_pinetime
[INFO] finished tweaking git repo https://github.com/tayspen72/rust_pinetime
[INFO] tweaked toml for git repo https://github.com/tayspen72/rust_pinetime written to /workspace/builds/worker-0/source/Cargo.toml
[INFO] running `Command { std: "/workspace/cargo-home/bin/cargo" "+cfbc6d4cf1acbac5c025acf8ed68929caa551df3" "generate-lockfile" "--manifest-path" "Cargo.toml" "-Zno-index-update", kill_on_drop: false }`
[INFO] running `Command { std: "/workspace/cargo-home/bin/cargo" "+cfbc6d4cf1acbac5c025acf8ed68929caa551df3" "fetch" "--locked" "--manifest-path" "Cargo.toml", kill_on_drop: false }`
[INFO] [stderr]  Downloading crates ...
[INFO] [stderr]   Downloaded volatile-register v0.1.2
[INFO] [stderr]   Downloaded linked_list_allocator v0.6.6
[INFO] [stderr]   Downloaded nrf52832-pac v0.8.0
[INFO] [stderr]   Downloaded cortex-m v0.1.8
[INFO] [stderr]   Downloaded alloc-cortex-m v0.3.5
[INFO] running `Command { std: "docker" "create" "-v" "/var/lib/crater-agent-workspace/builds/worker-0/target:/opt/rustwide/target:rw,Z" "-v" "/var/lib/crater-agent-workspace/builds/worker-0/source:/opt/rustwide/workdir:ro,Z" "-v" "/var/lib/crater-agent-workspace/cargo-home:/opt/rustwide/cargo-home:ro,Z" "-v" "/var/lib/crater-agent-workspace/rustup-home:/opt/rustwide/rustup-home:ro,Z" "-e" "SOURCE_DIR=/opt/rustwide/workdir" "-e" "CARGO_TARGET_DIR=/opt/rustwide/target" "-e" "CARGO_HOME=/opt/rustwide/cargo-home" "-e" "RUSTUP_HOME=/opt/rustwide/rustup-home" "-w" "/opt/rustwide/workdir" "-m" "1610612736" "--user" "0:0" "--network" "none" "rustops/crates-build-env@sha256:a636fd89d022f18117e1dc8fb37a0a009933cdbbe082814857f0e2024962d47c" "/opt/rustwide/cargo-home/bin/cargo" "+cfbc6d4cf1acbac5c025acf8ed68929caa551df3" "metadata" "--no-deps" "--format-version=1", kill_on_drop: false }`
[INFO] [stdout] ad8486c4934ac7267be460e6d70eb3f17e120d9bd28ee59c979047131b351806
[INFO] [stderr] WARNING: Your kernel does not support swap limit capabilities or the cgroup is not mounted. Memory limited without swap.
[INFO] running `Command { std: "docker" "start" "-a" "ad8486c4934ac7267be460e6d70eb3f17e120d9bd28ee59c979047131b351806", kill_on_drop: false }`
[INFO] running `Command { std: "docker" "inspect" "ad8486c4934ac7267be460e6d70eb3f17e120d9bd28ee59c979047131b351806", kill_on_drop: false }`
[INFO] running `Command { std: "docker" "rm" "-f" "ad8486c4934ac7267be460e6d70eb3f17e120d9bd28ee59c979047131b351806", kill_on_drop: false }`
[INFO] [stdout] ad8486c4934ac7267be460e6d70eb3f17e120d9bd28ee59c979047131b351806
[INFO] running `Command { std: "docker" "create" "-v" "/var/lib/crater-agent-workspace/builds/worker-0/target:/opt/rustwide/target:rw,Z" "-v" "/var/lib/crater-agent-workspace/builds/worker-0/source:/opt/rustwide/workdir:ro,Z" "-v" "/var/lib/crater-agent-workspace/cargo-home:/opt/rustwide/cargo-home:ro,Z" "-v" "/var/lib/crater-agent-workspace/rustup-home:/opt/rustwide/rustup-home:ro,Z" "-e" "SOURCE_DIR=/opt/rustwide/workdir" "-e" "CARGO_TARGET_DIR=/opt/rustwide/target" "-e" "CARGO_INCREMENTAL=0" "-e" "RUST_BACKTRACE=full" "-e" "RUSTFLAGS=--cap-lints=forbid" "-e" "CARGO_HOME=/opt/rustwide/cargo-home" "-e" "RUSTUP_HOME=/opt/rustwide/rustup-home" "-w" "/opt/rustwide/workdir" "-m" "1610612736" "--user" "0:0" "--network" "none" "rustops/crates-build-env@sha256:a636fd89d022f18117e1dc8fb37a0a009933cdbbe082814857f0e2024962d47c" "/opt/rustwide/cargo-home/bin/cargo" "+cfbc6d4cf1acbac5c025acf8ed68929caa551df3" "check" "--frozen" "--all" "--all-targets" "--message-format=json", kill_on_drop: false }`
[INFO] [stdout] 3d2e85fae5883875b3affa583b4e5b5e195103224c3dbe9bddfcc7488930cad5
[INFO] [stderr] WARNING: Your kernel does not support swap limit capabilities or the cgroup is not mounted. Memory limited without swap.
[INFO] running `Command { std: "docker" "start" "-a" "3d2e85fae5883875b3affa583b4e5b5e195103224c3dbe9bddfcc7488930cad5", kill_on_drop: false }`
[INFO] [stderr]    Compiling cortex-m v0.6.3
[INFO] [stderr]     Checking stable_deref_trait v1.2.0
[INFO] [stderr]     Checking vcell v0.1.2
[INFO] [stderr]    Compiling syn v1.0.39
[INFO] [stderr]     Checking bitfield v0.13.2
[INFO] [stderr]    Compiling cortex-m-semihosting v0.3.5
[INFO] [stderr]    Compiling nrf52832-pac v0.8.0
[INFO] [stderr]     Checking volatile-register v0.1.2
[INFO] [stderr]    Compiling cortex-m-rt v0.6.12
[INFO] [stderr]     Checking linked_list_allocator v0.6.6
[INFO] [stderr]    Compiling pinetime v0.1.0 (/opt/rustwide/workdir)
[INFO] [stderr]     Checking panic-halt v0.2.0
[INFO] [stderr]    Compiling bare-metal v0.2.5
[INFO] [stderr]     Checking generic-array v0.13.2
[INFO] [stdout] error[E0554]: `#![feature]` may not be used on the beta release channel
[INFO] [stdout]  --> /opt/rustwide/cargo-home/registry/src/github.com-1ecc6299db9ec823/linked_list_allocator-0.6.6/src/lib.rs:1:1
[INFO] [stdout]   |
[INFO] [stdout] 1 | #![feature(const_fn)]
[INFO] [stdout]   | ^^^^^^^^^^^^^^^^^^^^^
[INFO] [stdout] 
[INFO] [stdout] 
[INFO] [stdout] error[E0554]: `#![feature]` may not be used on the beta release channel
[INFO] [stdout]  --> /opt/rustwide/cargo-home/registry/src/github.com-1ecc6299db9ec823/linked_list_allocator-0.6.6/src/lib.rs:2:1
[INFO] [stdout]   |
[INFO] [stdout] 2 | #![feature(allocator_api)]
[INFO] [stdout]   | ^^^^^^^^^^^^^^^^^^^^^^^^^^
[INFO] [stdout] 
[INFO] [stdout] 
[INFO] [stdout] error[E0050]: method `alloc` has 2 parameters but the declaration in trait `core::alloc::AllocRef::alloc` has 3
[INFO] [stdout]    --> /opt/rustwide/cargo-home/registry/src/github.com-1ecc6299db9ec823/linked_list_allocator-0.6.6/src/lib.rs:133:21
[INFO] [stdout]     |
[INFO] [stdout] 133 |     unsafe fn alloc(&mut self, layout: Layout) -> Result<NonNull<u8>, AllocErr> {
[INFO] [stdout]     |                     ^^^^^^^^^^^^^^^^^^^^^^^^^ expected 3 parameters, found 2
[INFO] [stdout]     |
[INFO] [stdout]     = note: `alloc` from trait: `fn(&mut Self, core::alloc::Layout, core::alloc::AllocInit) -> core::result::Result<core::alloc::MemoryBlock, core::alloc::AllocErr>`
[INFO] [stdout] 
[INFO] [stdout] 
[INFO] [stderr]     Checking cortex-m v0.1.8
[INFO] [stderr]     Checking volatile-register v0.2.0
[INFO] [stdout] error: aborting due to 3 previous errors
[INFO] [stdout] 
[INFO] [stdout] 
[INFO] [stdout] Some errors have detailed explanations: E0050, E0554.
[INFO] [stdout] 
[INFO] [stdout] For more information about an error, try `rustc --explain E0050`.
[INFO] [stdout] 
[INFO] [stderr] error: could not compile `linked_list_allocator`.
[INFO] [stderr] 
[INFO] [stderr] To learn more, run the command again with --verbose.
[INFO] [stderr] warning: build failed, waiting for other jobs to finish...
[INFO] [stdout] error: the legacy LLVM-style asm! syntax is no longer supported
[INFO] [stdout]   --> /opt/rustwide/cargo-home/registry/src/github.com-1ecc6299db9ec823/cortex-m-0.1.8/src/asm.rs:56:9
[INFO] [stdout]    |
[INFO] [stdout] 56 |         asm!("nop" :::: "volatile");
[INFO] [stdout]    |         ----^^^^^^^^^^^^^^^^^^^^^^^^
[INFO] [stdout]    |         |
[INFO] [stdout]    |         help: replace with: `llvm_asm!`
[INFO] [stdout]    |
[INFO] [stdout]    = note: consider migrating to the new asm! syntax specified in RFC 2873
[INFO] [stdout]    = note: alternatively, switch to llvm_asm! to keep your code working as it is
[INFO] [stdout] 
[INFO] [stdout] 
[INFO] [stdout] error[E0554]: `#![feature]` may not be used on the beta release channel
[INFO] [stdout]   --> /opt/rustwide/cargo-home/registry/src/github.com-1ecc6299db9ec823/cortex-m-0.1.8/src/lib.rs:14:1
[INFO] [stdout]    |
[INFO] [stdout] 14 | #![feature(asm)]
[INFO] [stdout]    | ^^^^^^^^^^^^^^^^
[INFO] [stdout] 
[INFO] [stdout] 
[INFO] [stdout] error[E0554]: `#![feature]` may not be used on the beta release channel
[INFO] [stdout]   --> /opt/rustwide/cargo-home/registry/src/github.com-1ecc6299db9ec823/cortex-m-0.1.8/src/lib.rs:15:1
[INFO] [stdout]    |
[INFO] [stdout] 15 | #![feature(const_fn)]
[INFO] [stdout]    | ^^^^^^^^^^^^^^^^^^^^^
[INFO] [stdout] 
[INFO] [stdout] 
[INFO] [stdout] error: aborting due to 3 previous errors
[INFO] [stdout] 
[INFO] [stdout] 
[INFO] [stdout] For more information about this error, try `rustc --explain E0554`.
[INFO] [stdout] 
[INFO] [stderr] error: build failed
[INFO] running `Command { std: "docker" "inspect" "3d2e85fae5883875b3affa583b4e5b5e195103224c3dbe9bddfcc7488930cad5", kill_on_drop: false }`
[INFO] running `Command { std: "docker" "rm" "-f" "3d2e85fae5883875b3affa583b4e5b5e195103224c3dbe9bddfcc7488930cad5", kill_on_drop: false }`
[INFO] [stdout] 3d2e85fae5883875b3affa583b4e5b5e195103224c3dbe9bddfcc7488930cad5
